What are the prime factors of 51132?
2, 3, 4261
List the prime factors of 2011952.
2, 41, 3067
List the prime factors of 769465.
5, 23, 6691
What are the prime factors of 752493?
3, 7, 5119
What are the prime factors of 392207?
17, 23071
What are the prime factors of 269938?
2, 139, 971
What are the prime factors of 1412937?
3, 43, 1217
What are the prime factors of 3564768?
2, 3, 71, 523
List the prime factors of 6142796.
2, 11, 139609
What are the prime factors of 29384?
2, 3673
What are the prime factors of 32218?
2, 89, 181
What are the prime factors of 2189566?
2, 17, 64399
What are the prime factors of 1619555?
5, 7, 46273
What are the prime factors of 500303?
677, 739
What are the prime factors of 795510?
2, 3, 5, 8839
What are the prime factors of 197417?
11, 131, 137
What are the prime factors of 140079?
3, 53, 881
List the prime factors of 131957.
7, 2693
What are the prime factors of 102254?
2, 29, 41, 43
What are the prime factors of 14896318?
2, 17, 23, 43, 443
What are the prime factors of 517480?
2, 5, 17, 761
What are the prime factors of 2301467?
7, 328781
List the prime factors of 351038.
2, 175519
What are the prime factors of 8166475?
5, 326659
List the prime factors of 191833.
191833
List the prime factors of 10304257.
10304257
List the prime factors of 891804.
2, 3, 74317
List the prime factors of 3751827.
3, 1250609
List the prime factors of 76463.
76463
List the prime factors of 26097955.
5, 13, 401507
What are the prime factors of 161163?
3, 47, 127
What are the prime factors of 6315589?
7, 902227
List the prime factors of 80424.
2, 3, 1117
List the prime factors of 1809123.
3, 17, 19, 1867
What are the prime factors of 494111?
47, 10513
What are the prime factors of 3520979?
7, 11, 4157
What are the prime factors of 14638385?
5, 47, 167, 373
What are the prime factors of 250921?
11, 22811
What are the prime factors of 39399?
3, 23, 571
List the prime factors of 15520792.
2, 7, 277157
List the prime factors of 1478390.
2, 5, 19, 31, 251
What are the prime factors of 327339?
3, 37, 983
What are the prime factors of 472935?
3, 5, 41, 769
What are the prime factors of 4638553?
4638553
What are the prime factors of 2348517?
3, 782839
List the prime factors of 1250221.
7, 178603
What are the prime factors of 1063092?
2, 3, 88591
What are the prime factors of 210112?
2, 7, 67
List the prime factors of 4923599.
4923599
List the prime factors of 2395248.
2, 3, 139, 359
What are the prime factors of 237440?
2, 5, 7, 53
List the prime factors of 700172.
2, 11, 15913
List the prime factors of 61054.
2, 7, 89
List the prime factors of 924614.
2, 462307
List the prime factors of 3855255.
3, 5, 257017
List the prime factors of 575898.
2, 3, 53, 1811
List the prime factors of 11162224.
2, 53, 13163
What are the prime factors of 110389?
59, 1871
What are the prime factors of 6774761?
7, 967823
List the prime factors of 572455.
5, 13, 8807
List the prime factors of 3178748.
2, 29, 67, 409
List the prime factors of 12383023.
12383023
What are the prime factors of 19281626?
2, 7, 13, 105943
What are the prime factors of 27898150?
2, 5, 7, 59, 193
List the prime factors of 1333895.
5, 19, 739
What are the prime factors of 2728222?
2, 7, 41, 97
What are the prime factors of 2497162?
2, 89, 14029
What are the prime factors of 1008839?
13, 71, 1093
List the prime factors of 481204.
2, 59, 2039
List the prime factors of 27372454.
2, 653, 20959
What are the prime factors of 389674?
2, 17, 73, 157
List the prime factors of 11421450.
2, 3, 5, 17, 1493
What are the prime factors of 1168836?
2, 3, 257, 379
List the prime factors of 75665.
5, 37, 409
What are the prime factors of 1000130?
2, 5, 103, 971
List the prime factors of 27012.
2, 3, 2251
List the prime factors of 254162.
2, 127081
What are the prime factors of 1221698?
2, 610849
What are the prime factors of 803783?
127, 6329
List the prime factors of 129858.
2, 3, 23, 941
What are the prime factors of 1257870?
2, 3, 5, 23, 1823
List the prime factors of 5309177.
1787, 2971
What are the prime factors of 5090033?
13, 127, 3083
List the prime factors of 207550.
2, 5, 7, 593
List the prime factors of 4203731.
7, 19, 31607
List the prime factors of 247979.
17, 29, 503
List the prime factors of 7464662.
2, 191, 19541
List the prime factors of 154107.
3, 17123
List the prime factors of 3453378.
2, 3, 29, 89, 223
List the prime factors of 116231.
47, 2473
List the prime factors of 137546.
2, 97, 709
List the prime factors of 6474198.
2, 3, 1079033
What are the prime factors of 1560247?
13, 257, 467
List the prime factors of 2154182.
2, 19, 83, 683
What are the prime factors of 297734?
2, 148867
List the prime factors of 3889101.
3, 439, 2953
What are the prime factors of 1470380?
2, 5, 37, 1987
List the prime factors of 2834507.
13, 337, 647
List the prime factors of 1285551.
3, 59, 269
What are the prime factors of 101736?
2, 3, 157
What are the prime factors of 626090?
2, 5, 137, 457
What are the prime factors of 6740419?
7, 739, 1303
What are the prime factors of 34231?
34231
What are the prime factors of 77812?
2, 7, 397
What are the prime factors of 609322?
2, 7, 71, 613
List the prime factors of 25936328.
2, 11, 294731
List the prime factors of 368001.
3, 31, 1319
What are the prime factors of 8103788?
2, 7, 11, 83, 317
What are the prime factors of 176993?
379, 467
What are the prime factors of 234984?
2, 3, 9791
List the prime factors of 933382.
2, 593, 787
List the prime factors of 196368.
2, 3, 4091
List the prime factors of 8784541.
1381, 6361
What are the prime factors of 1611017?
37, 43541
What are the prime factors of 1076547?
3, 241, 1489
What are the prime factors of 16560158?
2, 61, 149, 911
List the prime factors of 33116676.
2, 3, 2759723
What are the prime factors of 5096742?
2, 3, 7, 121351
List the prime factors of 13819.
13, 1063
What are the prime factors of 4426379?
4426379
What are the prime factors of 812138?
2, 31, 13099
What are the prime factors of 7882305?
3, 5, 17, 30911
What are the prime factors of 314633?
11, 28603
List the prime factors of 205032.
2, 3, 8543
List the prime factors of 22225671.
3, 13, 21107
What are the prime factors of 312166?
2, 127, 1229
List the prime factors of 1104859.
7, 157837
List the prime factors of 24000620.
2, 5, 7, 251, 683
What are the prime factors of 101054?
2, 50527
List the prime factors of 2191400.
2, 5, 10957
List the prime factors of 781251.
3, 260417
List the prime factors of 475604.
2, 118901
List the prime factors of 675274.
2, 17, 19861
What are the prime factors of 2409168?
2, 3, 53, 947
List the prime factors of 19818485.
5, 43, 92179
List the prime factors of 4968277.
31, 139, 1153
What are the prime factors of 1747603?
11, 13, 101
What are the prime factors of 10303164?
2, 3, 286199
What are the prime factors of 349572?
2, 3, 29131
List the prime factors of 578003.
137, 4219
List the prime factors of 6685502.
2, 23, 71, 89
What are the prime factors of 230772?
2, 3, 19231
What are the prime factors of 208610?
2, 5, 23, 907
List the prime factors of 208786.
2, 104393
What are the prime factors of 197660?
2, 5, 9883
List the prime factors of 5241722.
2, 47, 55763
List the prime factors of 754272.
2, 3, 97
What are the prime factors of 3497373?
3, 11, 35327
What are the prime factors of 225626?
2, 37, 3049
List the prime factors of 8808295.
5, 17, 173, 599
What are the prime factors of 5400378?
2, 3, 97, 1031
What are the prime factors of 3916629?
3, 435181
What are the prime factors of 156554?
2, 78277
What are the prime factors of 2949345?
3, 5, 7, 3121
List the prime factors of 117118.
2, 31, 1889
List the prime factors of 450183.
3, 150061
What are the prime factors of 2612295?
3, 5, 7, 8293
List the prime factors of 1733862.
2, 3, 13, 22229
What are the prime factors of 1734507?
3, 227, 283
What are the prime factors of 1722889?
7, 5023
What are the prime factors of 577444?
2, 7, 41, 503
List the prime factors of 230693.
230693
What are the prime factors of 3367403?
13, 431, 601
List the prime factors of 1532324.
2, 383081
What are the prime factors of 5932082?
2, 13, 17, 13421
List the prime factors of 17375852.
2, 13, 389, 859
What are the prime factors of 8633309?
1531, 5639
List the prime factors of 84516